{"id":500,"date":"2017-05-20T21:26:10","date_gmt":"2017-05-20T19:26:10","guid":{"rendered":"http:\/\/www.wolpertingersfc.de\/?page_id=500"},"modified":"2019-01-11T15:35:32","modified_gmt":"2019-01-11T14:35:32","slug":"erlebnissberichte","status":"publish","type":"page","link":"https:\/\/www.wolpertingersfc.de\/?page_id=500","title":{"rendered":"Berichte"},"content":{"rendered":"\r\n<table class=\"wp-block-table\">\r\n<tbody>\r\n<tr>\r\n<td style=\"text-align: left;\">\r\n<figure><\/figure>\r\n<figure><br \/><br \/><a href=\"http:\/\/www.wolpertingersfc.de\/wp-content\/uploads\/2019\/01\/Flusstauchen-Tessin-2018.pdf\" target=\"_blank\" rel=\"noopener\"><img data-recalc-dims=\"1\" loading=\"lazy\" decoding=\"async\" data-attachment-id=\"2689\" data-permalink=\"https:\/\/www.wolpertingersfc.de\/?attachment_id=2689\" data-orig-file=\"https:\/\/i0.wp.com\/www.wolpertingersfc.de\/wp-content\/uploads\/2019\/01\/Flusstauchen.png?fit=755%2C480&amp;ssl=1\" data-orig-size=\"755,480\" data-comments-opened=\"1\" data-image-meta=\"{&quot;aperture&quot;:&quot;0&quot;,&quot;credit&quot;:&quot;&quot;,&quot;camera&quot;:&quot;&quot;,&quot;caption&quot;:&quot;&quot;,&quot;created_timestamp&quot;:&quot;0&quot;,&quot;copyright&quot;:&quot;&quot;,&quot;focal_length&quot;:&quot;0&quot;,&quot;iso&quot;:&quot;0&quot;,&quot;shutter_speed&quot;:&quot;0&quot;,&quot;title&quot;:&quot;&quot;,&quot;orientation&quot;:&quot;0&quot;}\" data-image-title=\"Flusstauchen\" data-image-description=\"\" data-image-caption=\"\" data-medium-file=\"https:\/\/i0.wp.com\/www.wolpertingersfc.de\/wp-content\/uploads\/2019\/01\/Flusstauchen.png?fit=300%2C191&amp;ssl=1\" data-large-file=\"https:\/\/i0.wp.com\/www.wolpertingersfc.de\/wp-content\/uploads\/2019\/01\/Flusstauchen.png?fit=755%2C480&amp;ssl=1\" class=\"wp-image-2689 alignleft\" src=\"https:\/\/i0.wp.com\/www.wolpertingersfc.de\/wp-content\/uploads\/2019\/01\/Flusstauchen.png?resize=333%2C212\" alt=\"\" width=\"333\" height=\"212\" srcset=\"https:\/\/i0.wp.com\/www.wolpertingersfc.de\/wp-content\/uploads\/2019\/01\/Flusstauchen.png?w=755&amp;ssl=1 755w, https:\/\/i0.wp.com\/www.wolpertingersfc.de\/wp-content\/uploads\/2019\/01\/Flusstauchen.png?resize=300%2C191&amp;ssl=1 300w, https:\/\/i0.wp.com\/www.wolpertingersfc.de\/wp-content\/uploads\/2019\/01\/Flusstauchen.png?resize=170%2C108&amp;ssl=1 170w\" sizes=\"auto, (max-width: 333px) 100vw, 333px\" \/><\/a><\/figure>\r\n<figure><a href=\"http:\/\/www.wolpertingersfc.de\/wp-content\/uploads\/2019\/01\/Flusstauchen-Tessin-2018.pdf\" target=\"_blank\" rel=\"noopener\">Flusstauschen Tessin September 2018<\/a><\/figure>\r\n<\/td>\r\n<td><a href=\"http:\/\/www.wolpertingersfc.de\/wp-content\/uploads\/2018\/07\/2018-06-30-Wolpertinger-Paddelausfahrt-Karin-Spohn.pdf\" target=\"_blank\" rel=\"noopener\"><img data-recalc-dims=\"1\" loading=\"lazy\" decoding=\"async\" data-attachment-id=\"2520\" data-permalink=\"https:\/\/www.wolpertingersfc.de\/?attachment_id=2520\" data-orig-file=\"https:\/\/i0.wp.com\/www.wolpertingersfc.de\/wp-content\/uploads\/2018\/07\/Rheinfahrt12-1200x900.jpg?fit=1200%2C900&amp;ssl=1\" data-orig-size=\"1200,900\" data-comments-opened=\"1\" data-image-meta=\"{&quot;aperture&quot;:&quot;3.9&quot;,&quot;credit&quot;:&quot;&quot;,&quot;camera&quot;:&quot;COOLPIX AW110&quot;,&quot;caption&quot;:&quot;&quot;,&quot;created_timestamp&quot;:&quot;1529763825&quot;,&quot;copyright&quot;:&quot;&quot;,&quot;focal_length&quot;:&quot;5&quot;,&quot;iso&quot;:&quot;125&quot;,&quot;shutter_speed&quot;:&quot;0.001&quot;,&quot;title&quot;:&quot;&quot;,&quot;orientation&quot;:&quot;1&quot;}\" data-image-title=\"Rheinfahrt12 (1200&amp;#215;900)\" data-image-description=\"\" data-image-caption=\"\" data-medium-file=\"https:\/\/i0.wp.com\/www.wolpertingersfc.de\/wp-content\/uploads\/2018\/07\/Rheinfahrt12-1200x900.jpg?fit=300%2C225&amp;ssl=1\" data-large-file=\"https:\/\/i0.wp.com\/www.wolpertingersfc.de\/wp-content\/uploads\/2018\/07\/Rheinfahrt12-1200x900.jpg?fit=863%2C647&amp;ssl=1\" class=\"alignnone wp-image-2520\" src=\"https:\/\/i0.wp.com\/www.wolpertingersfc.de\/wp-content\/uploads\/2018\/07\/Rheinfahrt12-1200x900.jpg?resize=333%2C250\" alt=\"\" width=\"333\" height=\"250\" srcset=\"https:\/\/i0.wp.com\/www.wolpertingersfc.de\/wp-content\/uploads\/2018\/07\/Rheinfahrt12-1200x900.jpg?resize=1200%2C900&amp;ssl=1 1200w, https:\/\/i0.wp.com\/www.wolpertingersfc.de\/wp-content\/uploads\/2018\/07\/Rheinfahrt12-1200x900.jpg?resize=300%2C225&amp;ssl=1 300w, https:\/\/i0.wp.com\/www.wolpertingersfc.de\/wp-content\/uploads\/2018\/07\/Rheinfahrt12-1200x900.jpg?resize=768%2C576&amp;ssl=1 768w, https:\/\/i0.wp.com\/www.wolpertingersfc.de\/wp-content\/uploads\/2018\/07\/Rheinfahrt12-1200x900.jpg?resize=1024%2C768&amp;ssl=1 1024w, https:\/\/i0.wp.com\/www.wolpertingersfc.de\/wp-content\/uploads\/2018\/07\/Rheinfahrt12-1200x900.jpg?resize=863%2C647&amp;ssl=1 863w, https:\/\/i0.wp.com\/www.wolpertingersfc.de\/wp-content\/uploads\/2018\/07\/Rheinfahrt12-1200x900.jpg?resize=144%2C108&amp;ssl=1 144w\" sizes=\"auto, (max-width: 333px) 100vw, 333px\" \/><\/a><br \/><a href=\"http:\/\/www.wolpertingersfc.de\/wp-content\/uploads\/2018\/07\/2018-06-30-Wolpertinger-Paddelausfahrt-Karin-Spohn.pdf\" target=\"_blank\" rel=\"noopener\">Paddelausfahrt Bodensee\/Rhein Juni 2018<\/a><\/td>\r\n<\/tr>\r\n<tr>\r\n<td style=\"text-align: left;\">\r\n<figure><\/figure>\r\n<figure><a href=\"http:\/\/www.wolpertingersfc.de\/wp-content\/uploads\/2018\/06\/Radtour_2018_Bericht.pdf\" target=\"_blank\" rel=\"noopener\"><img data-recalc-dims=\"1\" loading=\"lazy\" decoding=\"async\" data-attachment-id=\"2423\" data-permalink=\"https:\/\/www.wolpertingersfc.de\/?attachment_id=2423\" data-orig-file=\"https:\/\/i0.wp.com\/www.wolpertingersfc.de\/wp-content\/uploads\/2018\/06\/2018-06-03-Radtour-Titelbild-333x250.jpg?fit=333%2C250&amp;ssl=1\" data-orig-size=\"333,250\" data-comments-opened=\"1\" data-image-meta=\"{&quot;aperture&quot;:&quot;4&quot;,&quot;credit&quot;:&quot;&quot;,&quot;camera&quot;:&quot;DMC-TZ10&quot;,&quot;caption&quot;:&quot;&quot;,&quot;created_timestamp&quot;:&quot;1527763960&quot;,&quot;copyright&quot;:&quot;&quot;,&quot;focal_length&quot;:&quot;4.1&quot;,&quot;iso&quot;:&quot;125&quot;,&quot;shutter_speed&quot;:&quot;0.0025&quot;,&quot;title&quot;:&quot;&quot;,&quot;orientation&quot;:&quot;1&quot;}\" data-image-title=\"2018-06-03-Radtour-Titelbild (333&amp;#215;250)\" data-image-description=\"\" data-image-caption=\"\" data-medium-file=\"https:\/\/i0.wp.com\/www.wolpertingersfc.de\/wp-content\/uploads\/2018\/06\/2018-06-03-Radtour-Titelbild-333x250.jpg?fit=300%2C225&amp;ssl=1\" data-large-file=\"https:\/\/i0.wp.com\/www.wolpertingersfc.de\/wp-content\/uploads\/2018\/06\/2018-06-03-Radtour-Titelbild-333x250.jpg?fit=333%2C250&amp;ssl=1\" class=\"alignnone size-full wp-image-2423\" src=\"https:\/\/i0.wp.com\/www.wolpertingersfc.de\/wp-content\/uploads\/2018\/06\/2018-06-03-Radtour-Titelbild-333x250.jpg?resize=333%2C250\" alt=\"\" width=\"333\" height=\"250\" srcset=\"https:\/\/i0.wp.com\/www.wolpertingersfc.de\/wp-content\/uploads\/2018\/06\/2018-06-03-Radtour-Titelbild-333x250.jpg?resize=333%2C250&amp;ssl=1 333w, https:\/\/i0.wp.com\/www.wolpertingersfc.de\/wp-content\/uploads\/2018\/06\/2018-06-03-Radtour-Titelbild-333x250.jpg?resize=300%2C225&amp;ssl=1 300w, https:\/\/i0.wp.com\/www.wolpertingersfc.de\/wp-content\/uploads\/2018\/06\/2018-06-03-Radtour-Titelbild-333x250.jpg?resize=144%2C108&amp;ssl=1 144w\" sizes=\"auto, (max-width: 333px) 100vw, 333px\" \/><\/a><br \/><a href=\"http:\/\/www.wolpertingersfc.de\/wp-content\/uploads\/2018\/06\/Radtour_2018_Bericht.pdf\" target=\"_blank\" rel=\"noopener\">Radtour 2018 Unterallg\u00e4u-Augsburg<\/a><\/figure>\r\n<figure><\/figure>\r\n<\/td>\r\n<td><a href=\"http:\/\/www.wolpertingersfc.de\/wp-content\/uploads\/2017\/05\/Bericht-Gemarkungswanderung.pdf\" target=\"_blank\" rel=\"noopener\"><img data-recalc-dims=\"1\" loading=\"lazy\" decoding=\"async\" data-attachment-id=\"1814\" data-permalink=\"https:\/\/www.wolpertingersfc.de\/?attachment_id=1814\" data-orig-file=\"https:\/\/i0.wp.com\/www.wolpertingersfc.de\/wp-content\/uploads\/2017\/05\/DSC06859-350x263.jpg?fit=350%2C263&amp;ssl=1\" data-orig-size=\"350,263\" data-comments-opened=\"1\" data-image-meta=\"{&quot;aperture&quot;:&quot;2.8&quot;,&quot;credit&quot;:&quot;&quot;,&quot;camera&quot;:&quot;DSC-HX200V&quot;,&quot;caption&quot;:&quot;&quot;,&quot;created_timestamp&quot;:&quot;1499522560&quot;,&quot;copyright&quot;:&quot;&quot;,&quot;focal_length&quot;:&quot;4.8&quot;,&quot;iso&quot;:&quot;320&quot;,&quot;shutter_speed&quot;:&quot;0.033333333333333&quot;,&quot;title&quot;:&quot;&quot;,&quot;orientation&quot;:&quot;1&quot;}\" data-image-title=\"DSC06859 (350&amp;#215;263)\" data-image-description=\"\" data-image-caption=\"\" data-medium-file=\"https:\/\/i0.wp.com\/www.wolpertingersfc.de\/wp-content\/uploads\/2017\/05\/DSC06859-350x263.jpg?fit=300%2C225&amp;ssl=1\" data-large-file=\"https:\/\/i0.wp.com\/www.wolpertingersfc.de\/wp-content\/uploads\/2017\/05\/DSC06859-350x263.jpg?fit=350%2C263&amp;ssl=1\" class=\"alignnone wp-image-1814\" src=\"https:\/\/i0.wp.com\/www.wolpertingersfc.de\/wp-content\/uploads\/2017\/05\/DSC06859-350x263.jpg?resize=333%2C250\" alt=\"\" width=\"333\" height=\"250\" srcset=\"https:\/\/i0.wp.com\/www.wolpertingersfc.de\/wp-content\/uploads\/2017\/05\/DSC06859-350x263.jpg?resize=350%2C263&amp;ssl=1 350w, https:\/\/i0.wp.com\/www.wolpertingersfc.de\/wp-content\/uploads\/2017\/05\/DSC06859-350x263.jpg?resize=300%2C225&amp;ssl=1 300w, https:\/\/i0.wp.com\/www.wolpertingersfc.de\/wp-content\/uploads\/2017\/05\/DSC06859-350x263.jpg?resize=144%2C108&amp;ssl=1 144w\" sizes=\"auto, (max-width: 333px) 100vw, 333px\" \/><\/a><br \/><a href=\"http:\/\/www.wolpertingersfc.de\/wp-content\/uploads\/2017\/05\/Bericht-Gemarkungswanderung.pdf\" target=\"_blank\" rel=\"noopener\">Gemarkungswanderung 08.07.2017<\/a><\/td>\r\n<\/tr>\r\n<tr>\r\n<td>\u00a0<a href=\"http:\/\/www.wolpertingersfc.de\/wp-content\/uploads\/2017\/10\/2017-06-08-Radtour-2017-Kocher-und-Jagst.pdf\" target=\"_blank\" rel=\"noopener noreferrer\"><img data-recalc-dims=\"1\" loading=\"lazy\" decoding=\"async\" data-attachment-id=\"1223\" data-permalink=\"https:\/\/www.wolpertingersfc.de\/?attachment_id=1223\" data-orig-file=\"https:\/\/i0.wp.com\/www.wolpertingersfc.de\/wp-content\/uploads\/2017\/05\/Radtour_2017-e1499600023143.jpg?fit=745%2C560&amp;ssl=1\" data-orig-size=\"745,560\" data-comments-opened=\"1\" data-image-meta=\"{&quot;aperture&quot;:&quot;0&quot;,&quot;credit&quot;:&quot;&quot;,&quot;camera&quot;:&quot;&quot;,&quot;caption&quot;:&quot;&quot;,&quot;created_timestamp&quot;:&quot;0&quot;,&quot;copyright&quot;:&quot;&quot;,&quot;focal_length&quot;:&quot;0&quot;,&quot;iso&quot;:&quot;0&quot;,&quot;shutter_speed&quot;:&quot;0&quot;,&quot;title&quot;:&quot;&quot;,&quot;orientation&quot;:&quot;0&quot;}\" data-image-title=\"Radtour_2017\" data-image-description=\"\" data-image-caption=\"\" data-medium-file=\"https:\/\/i0.wp.com\/www.wolpertingersfc.de\/wp-content\/uploads\/2017\/05\/Radtour_2017-e1499600023143.jpg?fit=300%2C226&amp;ssl=1\" data-large-file=\"https:\/\/i0.wp.com\/www.wolpertingersfc.de\/wp-content\/uploads\/2017\/05\/Radtour_2017-e1499600023143.jpg?fit=745%2C560&amp;ssl=1\" class=\"alignnone wp-image-1223\" src=\"https:\/\/i0.wp.com\/www.wolpertingersfc.de\/wp-content\/uploads\/2017\/05\/Radtour_2017-e1499600023143.jpg?resize=333%2C250\" alt=\"\" width=\"333\" height=\"250\" srcset=\"https:\/\/i0.wp.com\/www.wolpertingersfc.de\/wp-content\/uploads\/2017\/05\/Radtour_2017-e1499600023143.jpg?w=745&amp;ssl=1 745w, https:\/\/i0.wp.com\/www.wolpertingersfc.de\/wp-content\/uploads\/2017\/05\/Radtour_2017-e1499600023143.jpg?resize=300%2C226&amp;ssl=1 300w, https:\/\/i0.wp.com\/www.wolpertingersfc.de\/wp-content\/uploads\/2017\/05\/Radtour_2017-e1499600023143.jpg?resize=144%2C108&amp;ssl=1 144w\" sizes=\"auto, (max-width: 333px) 100vw, 333px\" \/><\/a><br \/><a href=\"http:\/\/www.wolpertingersfc.de\/wp-content\/uploads\/2017\/10\/2017-06-08-Radtour-2017-Kocher-und-Jagst.pdf\" target=\"_blank\" rel=\"noopener\">Radtour 2017 Kocher- und Jagsttal<\/a>\r\n<figure><\/figure>\r\n<\/td>\r\n<td>\u00a0<a href=\"http:\/\/www.wolpertingersfc.de\/wp-content\/uploads\/2017\/10\/2016-01-08-6ste-Januar-Wanderung-H\u00f6llenloch.pdf\" target=\"_blank\" rel=\"noopener\"><img data-recalc-dims=\"1\" loading=\"lazy\" decoding=\"async\" data-attachment-id=\"1628\" data-permalink=\"https:\/\/www.wolpertingersfc.de\/?attachment_id=1628\" data-orig-file=\"https:\/\/i0.wp.com\/www.wolpertingersfc.de\/wp-content\/uploads\/2017\/05\/2016-01-06-6ste-Januar-Wanderung-030-800x600-e1508862901884.jpg?fit=600%2C800&amp;ssl=1\" data-orig-size=\"600,800\" data-comments-opened=\"1\" data-image-meta=\"{&quot;aperture&quot;:&quot;3.3&quot;,&quot;credit&quot;:&quot;&quot;,&quot;camera&quot;:&quot;DMC-TZ10&quot;,&quot;caption&quot;:&quot;&quot;,&quot;created_timestamp&quot;:&quot;1452095632&quot;,&quot;copyright&quot;:&quot;&quot;,&quot;focal_length&quot;:&quot;4.1&quot;,&quot;iso&quot;:&quot;400&quot;,&quot;shutter_speed&quot;:&quot;0.16666666666667&quot;,&quot;title&quot;:&quot;&quot;,&quot;orientation&quot;:&quot;1&quot;}\" data-image-title=\"2016-01-06-6ste-Januar-Wanderung-030 (800&amp;#215;600)\" data-image-description=\"\" data-image-caption=\"\" data-medium-file=\"https:\/\/i0.wp.com\/www.wolpertingersfc.de\/wp-content\/uploads\/2017\/05\/2016-01-06-6ste-Januar-Wanderung-030-800x600-e1508862901884.jpg?fit=225%2C300&amp;ssl=1\" data-large-file=\"https:\/\/i0.wp.com\/www.wolpertingersfc.de\/wp-content\/uploads\/2017\/05\/2016-01-06-6ste-Januar-Wanderung-030-800x600-e1508862901884.jpg?fit=600%2C800&amp;ssl=1\" class=\"alignnone wp-image-1628\" src=\"https:\/\/i0.wp.com\/www.wolpertingersfc.de\/wp-content\/uploads\/2017\/05\/2016-01-06-6ste-Januar-Wanderung-030-800x600-e1508862901884.jpg?resize=188%2C250\" alt=\"\" width=\"188\" height=\"250\" srcset=\"https:\/\/i0.wp.com\/www.wolpertingersfc.de\/wp-content\/uploads\/2017\/05\/2016-01-06-6ste-Januar-Wanderung-030-800x600-e1508862901884.jpg?w=600&amp;ssl=1 600w, https:\/\/i0.wp.com\/www.wolpertingersfc.de\/wp-content\/uploads\/2017\/05\/2016-01-06-6ste-Januar-Wanderung-030-800x600-e1508862901884.jpg?resize=225%2C300&amp;ssl=1 225w, https:\/\/i0.wp.com\/www.wolpertingersfc.de\/wp-content\/uploads\/2017\/05\/2016-01-06-6ste-Januar-Wanderung-030-800x600-e1508862901884.jpg?resize=81%2C108&amp;ssl=1 81w\" sizes=\"auto, (max-width: 188px) 100vw, 188px\" \/><\/a><br \/><a href=\"http:\/\/www.wolpertingersfc.de\/wp-content\/uploads\/2017\/10\/2016-01-08-6ste-Januar-Wanderung-H\u00f6llenloch.pdf\" target=\"_blank\" rel=\"noopener\">6. Januar-Wanderung 2016 H\u00f6llenl\u00f6cher<\/a><br \/>\r\n<figure><\/figure>\r\n<\/td>\r\n<\/tr>\r\n<tr>\r\n<td>\u00a0<\/td>\r\n<td>\u00a0<\/td>\r\n<\/tr>\r\n<tr>\r\n<td>\u00a0<\/td>\r\n<td>\u00a0<\/td>\r\n<\/tr>\r\n<tr>\r\n<td>\u00a0<\/td>\r\n<td>\u00a0<\/td>\r\n<\/tr>\r\n<\/tbody>\r\n<\/table>\r\n","protected":false},"excerpt":{"rendered":"<p>Flusstauschen Tessin September 2018 Paddelausfahrt Bodensee\/Rhein Juni 2018 Radtour 2018 Unterallg\u00e4u-Augsburg Gemarkungswanderung 08.07.2017 \u00a0Radtour 2017 Kocher- und Jagsttal \u00a06. Januar-Wanderung 2016 H\u00f6llenl\u00f6cher \u00a0 \u00a0 \u00a0 \u00a0 \u00a0 \u00a0<\/p>\n","protected":false},"author":1,"featured_media":0,"parent":0,"menu_order":0,"comment_status":"closed","ping_status":"closed","template":"","meta":{"jetpack_post_was_ever_published":false,"_mc_calendar":[],"footnotes":""},"class_list":["post-500","page","type-page","status-publish","hentry"],"jetpack_sharing_enabled":true,"jetpack_shortlink":"https:\/\/wp.me\/P8FTYK-84","jetpack-related-posts":[{"id":53,"url":"https:\/\/www.wolpertingersfc.de\/?page_id=53","url_meta":{"origin":500,"position":0},"title":"Galerie","author":"Wolpertingersfc","date":"22. April 2017","format":false,"excerpt":"Dreik\u00f6nigswanderung 6. Januar 2022 Dreik\u00f6nigswanderung 6. Januar 2019 B\u00e4nkleswanderung 15. September 2019 Dreik\u00f6nigswanderung 6. Januar 2018 Gemarkungswanderung 8. Juli 2017 \u00a0 Bilder aus den Abteilungen: \u00a0 Allgemeinsport Kajak Klettern Radsport Tauchen Zirkus","rel":"","context":"\u00c4hnlicher Beitrag","block_context":{"text":"\u00c4hnlicher Beitrag","link":""},"img":{"alt_text":"","src":"https:\/\/i0.wp.com\/www.wolpertingersfc.de\/wp-content\/uploads\/2022\/01\/IMG_8580-scaled.jpg?resize=350%2C200","width":350,"height":200},"classes":[]},{"id":50,"url":"https:\/\/www.wolpertingersfc.de\/?page_id=50","url_meta":{"origin":500,"position":1},"title":"Tauchen","author":"Wolpertingersfc","date":"22. April 2017","format":false,"excerpt":"Aktivit\u00e4ten\u00a0\u00a0\u00a0 Team\u00a0\u00a0\u00a0 Galerie \u00a0\u00a0 Links Ansprechpartner: Hartmut Hauser Abteilungsleiter E-Mail: hartmut.hauser(at)wolpertingersfc.de Unsere Tauchabteilung besteht aus ca. 50 Tauchern, vorwiegend aus dem Raum Reutlingen \/ M\u00f6ssingen \/ T\u00fcbingen und wir haben ganzj\u00e4hrig eine Trainingsm\u00f6glichkeit in einem Bad. Wir sind in unserem Bundesverband Verband Deutscher Sporttaucher (VDST) organisiert (www.vdst.de). Innerhalb des Bundesverbandes\u2026","rel":"","context":"\u00c4hnlicher Beitrag","block_context":{"text":"\u00c4hnlicher Beitrag","link":""},"img":{"alt_text":"","src":"https:\/\/i0.wp.com\/www.wolpertingersfc.de\/wp-content\/uploads\/2017\/04\/Hai-e1501664164574.jpg?resize=350%2C200","width":350,"height":200,"srcset":"https:\/\/i0.wp.com\/www.wolpertingersfc.de\/wp-content\/uploads\/2017\/04\/Hai-e1501664164574.jpg?resize=350%2C200 1x, https:\/\/i0.wp.com\/www.wolpertingersfc.de\/wp-content\/uploads\/2017\/04\/Hai-e1501664164574.jpg?resize=525%2C300 1.5x, https:\/\/i0.wp.com\/www.wolpertingersfc.de\/wp-content\/uploads\/2017\/04\/Hai-e1501664164574.jpg?resize=700%2C400 2x, https:\/\/i0.wp.com\/www.wolpertingersfc.de\/wp-content\/uploads\/2017\/04\/Hai-e1501664164574.jpg?resize=1050%2C600 3x"},"classes":[]},{"id":167,"url":"https:\/\/www.wolpertingersfc.de\/?page_id=167","url_meta":{"origin":500,"position":2},"title":"Tauchen &#8211; Aktivit\u00e4ten","author":"Wolpertingersfc","date":"24. April 2017","format":false,"excerpt":"Aktivit\u00e4ten\u00a0\u00a0\u00a0\u00a0 Team\u00a0\u00a0\u00a0\u00a0 Galerie\u00a0\u00a0\u00a0\u00a0 Links Training W\u00e4hrend der Freibadsaison findet das w\u00f6chentliche Training samstags von 8.50 Uhr bis 10.30 Uhr im Freibad Markwasen statt. Das Sprungbecken hat ein Tiefe von knapp 5m und eine L\u00e4nge von 25m, ist also ideal zum Ger\u00e4tetauchen oder f\u00fcr Apnoe-\u00dcbungen geeignet. Von Mitte September bis Ende\u2026","rel":"","context":"\u00c4hnlicher Beitrag","block_context":{"text":"\u00c4hnlicher Beitrag","link":""},"img":{"alt_text":"","src":"https:\/\/i0.wp.com\/www.wolpertingersfc.de\/wp-content\/uploads\/2017\/08\/Aktivit%C3%A4t-20170719_080125-e1501785106321.jpg?resize=350%2C200","width":350,"height":200},"classes":[]},{"id":3196,"url":"https:\/\/www.wolpertingersfc.de\/?page_id=3196","url_meta":{"origin":500,"position":3},"title":"Galerie &#8211; B\u00e4nkleswanderung 15. September 2019","author":"Wolpertingersfc","date":"16. September 2019","format":false,"excerpt":"","rel":"","context":"\u00c4hnlicher Beitrag","block_context":{"text":"\u00c4hnlicher Beitrag","link":""},"img":{"alt_text":"","src":"https:\/\/i0.wp.com\/www.wolpertingersfc.de\/wp-content\/uploads\/2019\/09\/P1070278-1024x577.jpg?resize=350%2C200","width":350,"height":200,"srcset":"https:\/\/i0.wp.com\/www.wolpertingersfc.de\/wp-content\/uploads\/2019\/09\/P1070278-1024x577.jpg?resize=350%2C200 1x, https:\/\/i0.wp.com\/www.wolpertingersfc.de\/wp-content\/uploads\/2019\/09\/P1070278-1024x577.jpg?resize=525%2C300 1.5x, https:\/\/i0.wp.com\/www.wolpertingersfc.de\/wp-content\/uploads\/2019\/09\/P1070278-1024x577.jpg?resize=700%2C400 2x"},"classes":[]},{"id":2260,"url":"https:\/\/www.wolpertingersfc.de\/?page_id=2260","url_meta":{"origin":500,"position":4},"title":"Galerie-Dreik\u00f6nigswanderung 6. Januar 2018","author":"Wolpertingersfc","date":"7. Januar 2018","format":false,"excerpt":"","rel":"","context":"\u00c4hnlicher Beitrag","block_context":{"text":"\u00c4hnlicher Beitrag","link":""},"img":{"alt_text":"","src":"https:\/\/i0.wp.com\/www.wolpertingersfc.de\/wp-content\/uploads\/2017\/04\/P1050949-1000x563.jpg?resize=350%2C200","width":350,"height":200,"srcset":"https:\/\/i0.wp.com\/www.wolpertingersfc.de\/wp-content\/uploads\/2017\/04\/P1050949-1000x563.jpg?resize=350%2C200 1x, https:\/\/i0.wp.com\/www.wolpertingersfc.de\/wp-content\/uploads\/2017\/04\/P1050949-1000x563.jpg?resize=525%2C300 1.5x, https:\/\/i0.wp.com\/www.wolpertingersfc.de\/wp-content\/uploads\/2017\/04\/P1050949-1000x563.jpg?resize=700%2C400 2x"},"classes":[]},{"id":2440,"url":"https:\/\/www.wolpertingersfc.de\/?page_id=2440","url_meta":{"origin":500,"position":5},"title":"Galerie &#8211; Radsport &#8211; Radtour 2018 Unterallg\u00e4u-Augsburg","author":"Wolpertingersfc","date":"15. Juni 2018","format":false,"excerpt":"","rel":"","context":"\u00c4hnlicher Beitrag","block_context":{"text":"\u00c4hnlicher Beitrag","link":""},"img":{"alt_text":"","src":"https:\/\/i0.wp.com\/www.wolpertingersfc.de\/wp-content\/uploads\/2018\/06\/2018-06-03-Radtour-UA-A-004-1200x900.jpg?resize=350%2C200","width":350,"height":200,"srcset":"https:\/\/i0.wp.com\/www.wolpertingersfc.de\/wp-content\/uploads\/2018\/06\/2018-06-03-Radtour-UA-A-004-1200x900.jpg?resize=350%2C200 1x, https:\/\/i0.wp.com\/www.wolpertingersfc.de\/wp-content\/uploads\/2018\/06\/2018-06-03-Radtour-UA-A-004-1200x900.jpg?resize=525%2C300 1.5x, https:\/\/i0.wp.com\/www.wolpertingersfc.de\/wp-content\/uploads\/2018\/06\/2018-06-03-Radtour-UA-A-004-1200x900.jpg?resize=700%2C400 2x, https:\/\/i0.wp.com\/www.wolpertingersfc.de\/wp-content\/uploads\/2018\/06\/2018-06-03-Radtour-UA-A-004-1200x900.jpg?resize=1050%2C600 3x"},"classes":[]}],"_links":{"self":[{"href":"https:\/\/www.wolpertingersfc.de\/index.php?rest_route=\/wp\/v2\/pages\/500","targetHints":{"allow":["GET"]}}],"collection":[{"href":"https:\/\/www.wolpertingersfc.de\/index.php?rest_route=\/wp\/v2\/pages"}],"about":[{"href":"https:\/\/www.wolpertingersfc.de\/index.php?rest_route=\/wp\/v2\/types\/page"}],"author":[{"embeddable":true,"href":"https:\/\/www.wolpertingersfc.de\/index.php?rest_route=\/wp\/v2\/users\/1"}],"replies":[{"embeddable":true,"href":"https:\/\/www.wolpertingersfc.de\/index.php?rest_route=%2Fwp%2Fv2%2Fcomments&post=500"}],"version-history":[{"count":77,"href":"https:\/\/www.wolpertingersfc.de\/index.php?rest_route=\/wp\/v2\/pages\/500\/revisions"}],"predecessor-version":[{"id":2765,"href":"https:\/\/www.wolpertingersfc.de\/index.php?rest_route=\/wp\/v2\/pages\/500\/revisions\/2765"}],"wp:attachment":[{"href":"https:\/\/www.wolpertingersfc.de\/index.php?rest_route=%2Fwp%2Fv2%2Fmedia&parent=500"}],"curies":[{"name":"wp","href":"https:\/\/api.w.org\/{rel}","templated":true}]}}