{"id":50,"date":"2017-04-22T17:25:07","date_gmt":"2017-04-22T15:25:07","guid":{"rendered":"http:\/\/www.wolpertingersfc.de\/?page_id=50"},"modified":"2017-08-03T20:52:02","modified_gmt":"2017-08-03T18:52:02","slug":"tauchen","status":"publish","type":"page","link":"http:\/\/www.wolpertingersfc.de\/?page_id=50","title":{"rendered":"Tauchen"},"content":{"rendered":"<table width=\"100%\">\n<tbody>\n<tr>\n<td><img data-recalc-dims=\"1\" loading=\"lazy\" decoding=\"async\" data-attachment-id=\"1427\" data-permalink=\"http:\/\/www.wolpertingersfc.de\/?attachment_id=1427\" data-orig-file=\"https:\/\/i0.wp.com\/www.wolpertingersfc.de\/wp-content\/uploads\/2017\/04\/Hai-e1501667266925.jpg?fit=257%2C136\" data-orig-size=\"257,136\" data-comments-opened=\"1\" data-image-meta=\"{&quot;aperture&quot;:&quot;3.1&quot;,&quot;credit&quot;:&quot;&quot;,&quot;camera&quot;:&quot;Canon PowerShot SX230 HS&quot;,&quot;caption&quot;:&quot;&quot;,&quot;created_timestamp&quot;:&quot;1489224193&quot;,&quot;copyright&quot;:&quot;&quot;,&quot;focal_length&quot;:&quot;5&quot;,&quot;iso&quot;:&quot;100&quot;,&quot;shutter_speed&quot;:&quot;0.008&quot;,&quot;title&quot;:&quot;&quot;,&quot;orientation&quot;:&quot;1&quot;}\" data-image-title=\"Hai\" data-image-description=\"\" data-image-caption=\"\" data-medium-file=\"https:\/\/i0.wp.com\/www.wolpertingersfc.de\/wp-content\/uploads\/2017\/04\/Hai-e1501667266925.jpg?fit=300%2C159\" data-large-file=\"https:\/\/i0.wp.com\/www.wolpertingersfc.de\/wp-content\/uploads\/2017\/04\/Hai-e1501667266925.jpg?fit=863%2C458\" class=\"alignnone wp-image-1427\" src=\"https:\/\/i0.wp.com\/www.wolpertingersfc.de\/wp-content\/uploads\/2017\/04\/Hai-e1501664164574.jpg?resize=863%2C457\" alt=\"\" width=\"863\" height=\"457\" \/><\/td>\n<\/tr>\n<\/tbody>\n<\/table>\n<p><a href=\"http:\/\/www.wolpertingersfc.de\/?page_id=167\" rel=\"noopener noreferrer\">Aktivit\u00e4ten<\/a>\u00a0\u00a0\u00a0 <a href=\"http:\/\/www.wolpertingersfc.de\/?page_id=174\" rel=\"noopener noreferrer\">Team<\/a>\u00a0\u00a0\u00a0 <a href=\"http:\/\/www.wolpertingersfc.de\/?page_id=193\" rel=\"noopener noreferrer\">Galerie<\/a> \u00a0\u00a0 <a href=\"http:\/\/www.wolpertingersfc.de\/?page_id=180\" rel=\"noopener noreferrer\">Links<\/a><\/p>\n<table>\n<colgroup>\n<col \/>\n<col width=\"50%\" \/>\n<col width=\"130px\" \/> <\/colgroup>\n<tbody>\n<tr align=\"left\" valign=\"top\">\n<td style=\"padding: 0% 20% 0px 0%; float: left; text-align: left;\"><img data-recalc-dims=\"1\" loading=\"lazy\" decoding=\"async\" data-attachment-id=\"776\" data-permalink=\"http:\/\/www.wolpertingersfc.de\/?attachment_id=776\" data-orig-file=\"https:\/\/i0.wp.com\/www.wolpertingersfc.de\/wp-content\/uploads\/2017\/04\/Tauchender_Wolpertinger-150x118.jpg?fit=150%2C118\" data-orig-size=\"150,118\" data-comments-opened=\"1\" data-image-meta=\"{&quot;aperture&quot;:&quot;0&quot;,&quot;credit&quot;:&quot;&quot;,&quot;camera&quot;:&quot;&quot;,&quot;caption&quot;:&quot;&quot;,&quot;created_timestamp&quot;:&quot;1495272649&quot;,&quot;copyright&quot;:&quot;&quot;,&quot;focal_length&quot;:&quot;0&quot;,&quot;iso&quot;:&quot;0&quot;,&quot;shutter_speed&quot;:&quot;0&quot;,&quot;title&quot;:&quot;&quot;,&quot;orientation&quot;:&quot;1&quot;}\" data-image-title=\"Tauchender_Wolpertinger (150&amp;#215;118)\" data-image-description=\"\" data-image-caption=\"\" data-medium-file=\"https:\/\/i0.wp.com\/www.wolpertingersfc.de\/wp-content\/uploads\/2017\/04\/Tauchender_Wolpertinger-150x118.jpg?fit=150%2C118\" data-large-file=\"https:\/\/i0.wp.com\/www.wolpertingersfc.de\/wp-content\/uploads\/2017\/04\/Tauchender_Wolpertinger-150x118.jpg?fit=150%2C118\" class=\"alignnone size-full wp-image-776\" src=\"https:\/\/i0.wp.com\/www.wolpertingersfc.de\/wp-content\/uploads\/2017\/04\/Tauchender_Wolpertinger.jpg?resize=150%2C118\" alt=\"\" width=\"150\" height=\"118\" srcset=\"https:\/\/i0.wp.com\/www.wolpertingersfc.de\/wp-content\/uploads\/2017\/04\/Tauchender_Wolpertinger-150x118.jpg?resize=150%2C118 150w, https:\/\/i0.wp.com\/www.wolpertingersfc.de\/wp-content\/uploads\/2017\/04\/Tauchender_Wolpertinger-150x118.jpg?resize=137%2C108 137w\" sizes=\"auto, (max-width: 150px) 100vw, 150px\" \/><\/td>\n<td><strong>Ansprechpartner:<\/strong><br \/>\nHartmut Hauser<br \/>\nAbteilungsleiter<br \/>\nE-Mail:<br \/>\n<a href=\"mailto:hartmut.hauser@wolpertingersfc.de\"> hartmut.hauser(at)wolpertingersfc.d<\/a><a href=\"mailto:siegfried.randecker@wolpertingersfc.de\">e<\/a><\/td>\n<td valign=\"top\"><img data-recalc-dims=\"1\" loading=\"lazy\" decoding=\"async\" data-attachment-id=\"1398\" data-permalink=\"http:\/\/www.wolpertingersfc.de\/?attachment_id=1398\" data-orig-file=\"https:\/\/i0.wp.com\/www.wolpertingersfc.de\/wp-content\/uploads\/2017\/07\/Hartmut.jpg?fit=263%2C364\" data-orig-size=\"263,364\" data-comments-opened=\"1\" data-image-meta=\"{&quot;aperture&quot;:&quot;0&quot;,&quot;credit&quot;:&quot;&quot;,&quot;camera&quot;:&quot;&quot;,&quot;caption&quot;:&quot;&quot;,&quot;created_timestamp&quot;:&quot;0&quot;,&quot;copyright&quot;:&quot;&quot;,&quot;focal_length&quot;:&quot;0&quot;,&quot;iso&quot;:&quot;0&quot;,&quot;shutter_speed&quot;:&quot;0&quot;,&quot;title&quot;:&quot;&quot;,&quot;orientation&quot;:&quot;0&quot;}\" data-image-title=\"Hartmut\" data-image-description=\"\" data-image-caption=\"\" data-medium-file=\"https:\/\/i0.wp.com\/www.wolpertingersfc.de\/wp-content\/uploads\/2017\/07\/Hartmut.jpg?fit=217%2C300\" data-large-file=\"https:\/\/i0.wp.com\/www.wolpertingersfc.de\/wp-content\/uploads\/2017\/07\/Hartmut.jpg?fit=263%2C364\" class=\"wp-image-1398 alignright\" src=\"https:\/\/i0.wp.com\/www.wolpertingersfc.de\/wp-content\/uploads\/2017\/07\/Hartmut.jpg?resize=100%2C138\" alt=\"\" width=\"100\" height=\"138\" srcset=\"https:\/\/i0.wp.com\/www.wolpertingersfc.de\/wp-content\/uploads\/2017\/07\/Hartmut.jpg?w=263 263w, https:\/\/i0.wp.com\/www.wolpertingersfc.de\/wp-content\/uploads\/2017\/07\/Hartmut.jpg?resize=217%2C300 217w, https:\/\/i0.wp.com\/www.wolpertingersfc.de\/wp-content\/uploads\/2017\/07\/Hartmut.jpg?resize=78%2C108 78w\" sizes=\"auto, (max-width: 100px) 100vw, 100px\" \/><\/td>\n<\/tr>\n<\/tbody>\n<\/table>\n<table>\n<colgroup>\n<col width=\"100%\" \/> <\/colgroup>\n<tbody>\n<tr>\n<td>Unsere Tauchabteilung besteht aus ca. 50 Tauchern, vorwiegend aus dem Raum Reutlingen \/ M\u00f6ssingen \/ T\u00fcbingen und wir haben ganzj\u00e4hrig eine Trainingsm\u00f6glichkeit in einem Bad. Wir sind in unserem Bundesverband Verband Deutscher Sporttaucher (VDST) organisiert (<a href=\"http:\/\/www.vdst.de\">www.vdst.de<\/a>). Innerhalb des Bundesverbandes gibt es einzelne Landesverb\u00e4nde, f\u00fcr uns ist der W\u00fcrttembergischer Landesverband f\u00fcr Tauchsport e.V. (WLT) zust\u00e4ndig (<a href=\"http:\/\/www.wlt-ev.de\">www.wlt-ev.de<\/a>). \u00dcber den VDST ist jeder Taucher bei uns automatisch umfangreich versichert, z.Zt. beinhaltet es: eine Tauchunfall-, Haftpflicht-und Rechtsschutzversicherung sowie eine Auslandskrankenversicherung. Weitere Einzelheiten sind unter <a href=\"http:\/\/www.vdst.de\/mitglieder\/tauchsport-versicherung\/leistungen.html\"><strong>VDST-Versicherung<\/strong><\/a> nachzulesen. Desweiteren steht jedem Mitglied eine 24 Stunden Notfall-Hotline zur Verf\u00fcgung, welche mit ausgebildeten \u00c4rzten besetzt ist.<\/p>\n<p>Alle 2 Monate erh\u00e4lt jeder Taucher die Zeitschrift \u201eSporttaucher\u201c, welche neben Informationen \u00fcber das Verbandsleben interessante Berichte rund um den Tauchsport enth\u00e4lt.<\/p>\n<p>S\u00e4mtliche Geb\u00fchren hierf\u00fcr sind \u00fcber die Vereinsmitgliedschaft, Abteilung Tauchen, bereits abgedeckt.<\/td>\n<\/tr>\n<\/tbody>\n<\/table>\n","protected":false},"excerpt":{"rendered":"<p>Aktivit\u00e4ten\u00a0\u00a0\u00a0 Team\u00a0\u00a0\u00a0 Galerie \u00a0\u00a0 Links Ansprechpartner: Hartmut Hauser Abteilungsleiter E-Mail: hartmut.hauser(at)wolpertingersfc.de Unsere Tauchabteilung besteht aus ca. 50 Tauchern, vorwiegend aus dem Raum Reutlingen \/ M\u00f6ssingen \/ T\u00fcbingen und wir haben ganzj\u00e4hrig eine Trainingsm\u00f6glichkeit in einem Bad. Wir sind in unserem Bundesverband Verband Deutscher Sporttaucher (VDST) organisiert (www.vdst.de). Innerhalb des Bundesverbandes gibt es einzelne Landesverb\u00e4nde, f\u00fcr &hellip; <a href=\"http:\/\/www.wolpertingersfc.de\/?page_id=50\" class=\"more-link\"><span class=\"screen-reader-text\">Tauchen<\/span> weiterlesen<\/a><\/p>\n","protected":false},"author":1,"featured_media":0,"parent":0,"menu_order":0,"comment_status":"closed","ping_status":"closed","template":"","meta":{"jetpack_post_was_ever_published":false,"_mc_calendar":[],"footnotes":""},"class_list":["post-50","page","type-page","status-publish","hentry"],"jetpack_sharing_enabled":true,"jetpack_shortlink":"https:\/\/wp.me\/P8FTYK-O","jetpack-related-posts":[{"id":255,"url":"http:\/\/www.wolpertingersfc.de\/?page_id=255","url_meta":{"origin":50,"position":0},"title":"Tauchen &#8211; Galerie &#8211; Ferienprogramm 2016","author":"Wolpertingersfc","date":"25. April 2017","format":false,"excerpt":"Aktivit\u00e4ten\u00a0\u00a0\u00a0\u00a0 Team\u00a0\u00a0\u00a0\u00a0 Galerie\u00a0\u00a0\u00a0\u00a0 Links","rel":"","context":"\u00c4hnlicher Beitrag","block_context":{"text":"\u00c4hnlicher Beitrag","link":""},"img":{"alt_text":"","src":"https:\/\/i0.wp.com\/www.wolpertingersfc.de\/wp-content\/uploads\/2017\/04\/P1020123-1.jpg?resize=350%2C200","width":350,"height":200,"srcset":"https:\/\/i0.wp.com\/www.wolpertingersfc.de\/wp-content\/uploads\/2017\/04\/P1020123-1.jpg?resize=350%2C200 1x, https:\/\/i0.wp.com\/www.wolpertingersfc.de\/wp-content\/uploads\/2017\/04\/P1020123-1.jpg?resize=525%2C300 1.5x"},"classes":[]},{"id":902,"url":"http:\/\/www.wolpertingersfc.de\/?page_id=902","url_meta":{"origin":50,"position":1},"title":"Tauchen &#8211; Galerie &#8211; Ferienprogramm 2014","author":"Wolpertingersfc","date":"2. Juli 2017","format":false,"excerpt":"Aktivit\u00e4ten\u00a0\u00a0\u00a0 Team\u00a0 \u00a0 Galerie\u00a0\u00a0\u00a0 Links","rel":"","context":"\u00c4hnlicher Beitrag","block_context":{"text":"\u00c4hnlicher Beitrag","link":""},"img":{"alt_text":"","src":"https:\/\/i0.wp.com\/www.wolpertingersfc.de\/wp-content\/uploads\/2017\/07\/P1020039.jpg?resize=350%2C200","width":350,"height":200,"srcset":"https:\/\/i0.wp.com\/www.wolpertingersfc.de\/wp-content\/uploads\/2017\/07\/P1020039.jpg?resize=350%2C200 1x, https:\/\/i0.wp.com\/www.wolpertingersfc.de\/wp-content\/uploads\/2017\/07\/P1020039.jpg?resize=525%2C300 1.5x"},"classes":[]},{"id":904,"url":"http:\/\/www.wolpertingersfc.de\/?page_id=904","url_meta":{"origin":50,"position":2},"title":"Tauchen &#8211; Galerie &#8211; Ferienprogramm 2013","author":"Wolpertingersfc","date":"2. Juli 2017","format":false,"excerpt":"Aktivit\u00e4ten\u00a0\u00a0\u00a0 Team \u00a0 \u00a0 Galerie\u00a0\u00a0\u00a0 Links","rel":"","context":"\u00c4hnlicher Beitrag","block_context":{"text":"\u00c4hnlicher Beitrag","link":""},"img":{"alt_text":"","src":"https:\/\/i0.wp.com\/www.wolpertingersfc.de\/wp-content\/uploads\/2017\/04\/P1010911.jpg?resize=350%2C200","width":350,"height":200,"srcset":"https:\/\/i0.wp.com\/www.wolpertingersfc.de\/wp-content\/uploads\/2017\/04\/P1010911.jpg?resize=350%2C200 1x, https:\/\/i0.wp.com\/www.wolpertingersfc.de\/wp-content\/uploads\/2017\/04\/P1010911.jpg?resize=525%2C300 1.5x"},"classes":[]},{"id":193,"url":"http:\/\/www.wolpertingersfc.de\/?page_id=193","url_meta":{"origin":50,"position":3},"title":"Tauchen &#8211; Galerie","author":"Wolpertingersfc","date":"24. April 2017","format":false,"excerpt":"Aktivit\u00e4ten\u00a0\u00a0\u00a0\u00a0 Team\u00a0\u00a0\u00a0\u00a0 Galerie\u00a0\u00a0\u00a0\u00a0 Links Ferienprogramm 2019 Ferienprogramm 2018 Tessinausfahrt 2018 Ausfahrt Plansee 2017 Ferienprogramm 2017 Ferienprogramm 2016 Ferienprogramm 2014 Ferienprogramm 2013","rel":"","context":"\u00c4hnlicher Beitrag","block_context":{"text":"\u00c4hnlicher Beitrag","link":""},"img":{"alt_text":"","src":"https:\/\/i0.wp.com\/www.wolpertingersfc.de\/wp-content\/uploads\/2018\/09\/IMG_1232v.jpg?resize=350%2C200","width":350,"height":200,"srcset":"https:\/\/i0.wp.com\/www.wolpertingersfc.de\/wp-content\/uploads\/2018\/09\/IMG_1232v.jpg?resize=350%2C200 1x, https:\/\/i0.wp.com\/www.wolpertingersfc.de\/wp-content\/uploads\/2018\/09\/IMG_1232v.jpg?resize=525%2C300 1.5x, https:\/\/i0.wp.com\/www.wolpertingersfc.de\/wp-content\/uploads\/2018\/09\/IMG_1232v.jpg?resize=700%2C400 2x, https:\/\/i0.wp.com\/www.wolpertingersfc.de\/wp-content\/uploads\/2018\/09\/IMG_1232v.jpg?resize=1050%2C600 3x, https:\/\/i0.wp.com\/www.wolpertingersfc.de\/wp-content\/uploads\/2018\/09\/IMG_1232v.jpg?resize=1400%2C800 4x"},"classes":[]},{"id":174,"url":"http:\/\/www.wolpertingersfc.de\/?page_id=174","url_meta":{"origin":50,"position":4},"title":"Tauchen &#8211; Team","author":"Wolpertingersfc","date":"24. April 2017","format":false,"excerpt":"Aktivit\u00e4ten \u00a0\u00a0\u00a0 Team\u00a0\u00a0\u00a0\u00a0 Galerie\u00a0\u00a0\u00a0\u00a0 Links \u00a0Unsere Ausbilder: Unser Team und viele weitere aktive Mithelfer sorgen daf\u00fcr, dass es in der Aus- und Weiterbildung sowie bei Action und Spa\u00df an nichts fehlt. Gerhard Gauger Tauchlehrer (TL**) E-Mail: gerhard.gauger(at)wolpertingersfc.de Roman Weitmann Tauchlehrer (TL**) E-Mail: roman.weitmann(at)wolpertingersfc.de Hartmut Hauser Trainer C E-Mail: hartmut.hauser(at)wolpertingersfc.de Michael\u2026","rel":"","context":"\u00c4hnlicher Beitrag","block_context":{"text":"\u00c4hnlicher Beitrag","link":""},"img":{"alt_text":"","src":"https:\/\/i0.wp.com\/www.wolpertingersfc.de\/wp-content\/uploads\/2017\/08\/Team-DSC02658-e1501785399983.jpg?resize=350%2C200","width":350,"height":200},"classes":[]},{"id":76,"url":"http:\/\/www.wolpertingersfc.de\/?page_id=76","url_meta":{"origin":50,"position":5},"title":"Allgemeinsport","author":"Wolpertingersfc","date":"22. April 2017","format":false,"excerpt":"\u00a0 Aktivit\u00e4ten \u00a0\u00a0 Team \u00a0\u00a0 Galerie \u00a0\u00a0 Links Ansprechpartner: Klaus-Dieter Modrow Abteilungsleiter E-Mail: klaus-dieter.modrow(at)wolpertingersfc.de Fitness, Beweglichkeit, Spa\u00df und Gesundheit tragen wesentlich zu unserer Lebensqualit\u00e4t bei. Wer fit und beweglich ist, hat mehr Spa\u00df an vielen Aktivit\u00e4ten wie Fahrradfahren, Klettern und anderen Sportarten. Deshalb treffen wir uns w\u00f6chentlich zum gemeinsamen Bewegen\u2026","rel":"","context":"\u00c4hnlicher Beitrag","block_context":{"text":"\u00c4hnlicher Beitrag","link":""},"img":{"alt_text":"","src":"https:\/\/i0.wp.com\/www.wolpertingersfc.de\/wp-content\/uploads\/2017\/04\/DSC00579-1188x261.jpg?resize=350%2C200","width":350,"height":200,"srcset":"https:\/\/i0.wp.com\/www.wolpertingersfc.de\/wp-content\/uploads\/2017\/04\/DSC00579-1188x261.jpg?resize=350%2C200 1x, https:\/\/i0.wp.com\/www.wolpertingersfc.de\/wp-content\/uploads\/2017\/04\/DSC00579-1188x261.jpg?resize=525%2C300 1.5x, https:\/\/i0.wp.com\/www.wolpertingersfc.de\/wp-content\/uploads\/2017\/04\/DSC00579-1188x261.jpg?resize=700%2C400 2x, https:\/\/i0.wp.com\/www.wolpertingersfc.de\/wp-content\/uploads\/2017\/04\/DSC00579-1188x261.jpg?resize=1050%2C600 3x"},"classes":[]}],"_links":{"self":[{"href":"http:\/\/www.wolpertingersfc.de\/index.php?rest_route=\/wp\/v2\/pages\/50","targetHints":{"allow":["GET"]}}],"collection":[{"href":"http:\/\/www.wolpertingersfc.de\/index.php?rest_route=\/wp\/v2\/pages"}],"about":[{"href":"http:\/\/www.wolpertingersfc.de\/index.php?rest_route=\/wp\/v2\/types\/page"}],"author":[{"embeddable":true,"href":"http:\/\/www.wolpertingersfc.de\/index.php?rest_route=\/wp\/v2\/users\/1"}],"replies":[{"embeddable":true,"href":"http:\/\/www.wolpertingersfc.de\/index.php?rest_route=%2Fwp%2Fv2%2Fcomments&post=50"}],"version-history":[{"count":132,"href":"http:\/\/www.wolpertingersfc.de\/index.php?rest_route=\/wp\/v2\/pages\/50\/revisions"}],"predecessor-version":[{"id":469,"href":"http:\/\/www.wolpertingersfc.de\/index.php?rest_route=\/wp\/v2\/pages\/50\/revisions\/469"}],"wp:attachment":[{"href":"http:\/\/www.wolpertingersfc.de\/index.php?rest_route=%2Fwp%2Fv2%2Fmedia&parent=50"}],"curies":[{"name":"wp","href":"https:\/\/api.w.org\/{rel}","templated":true}]}}