{"id":1340,"date":"2017-07-09T16:13:02","date_gmt":"2017-07-09T14:13:02","guid":{"rendered":"http:\/\/www.wolpertingersfc.de\/?page_id=1340"},"modified":"2019-04-09T08:59:24","modified_gmt":"2019-04-09T06:59:24","slug":"radsport-aktivitaeten","status":"publish","type":"page","link":"http:\/\/www.wolpertingersfc.de\/?page_id=1340","title":{"rendered":"Radsport &#8211; Aktivit\u00e4ten"},"content":{"rendered":"<table width=\"100%\">\n<tbody>\n<tr>\n<td><img data-recalc-dims=\"1\" loading=\"lazy\" decoding=\"async\" data-attachment-id=\"1338\" data-permalink=\"http:\/\/www.wolpertingersfc.de\/?attachment_id=1338\" data-orig-file=\"https:\/\/i0.wp.com\/www.wolpertingersfc.de\/wp-content\/uploads\/2017\/04\/IMAG0025-e1499609523994.jpg?fit=1024%2C181\" data-orig-size=\"1024,181\" data-comments-opened=\"1\" data-image-meta=\"{&quot;aperture&quot;:&quot;6.44&quot;,&quot;credit&quot;:&quot;&quot;,&quot;camera&quot;:&quot;DC2300&quot;,&quot;caption&quot;:&quot;&quot;,&quot;created_timestamp&quot;:&quot;1094378338&quot;,&quot;copyright&quot;:&quot;&quot;,&quot;focal_length&quot;:&quot;0&quot;,&quot;iso&quot;:&quot;100&quot;,&quot;shutter_speed&quot;:&quot;0.0010526315789474&quot;,&quot;title&quot;:&quot;&quot;,&quot;orientation&quot;:&quot;0&quot;}\" data-image-title=\"IMAG0025\" data-image-description=\"\" data-image-caption=\"\" data-medium-file=\"https:\/\/i0.wp.com\/www.wolpertingersfc.de\/wp-content\/uploads\/2017\/04\/IMAG0025-e1499609523994.jpg?fit=300%2C53\" data-large-file=\"https:\/\/i0.wp.com\/www.wolpertingersfc.de\/wp-content\/uploads\/2017\/04\/IMAG0025-e1499609523994.jpg?fit=863%2C153\" class=\"alignnone wp-image-1338\" src=\"https:\/\/i0.wp.com\/www.wolpertingersfc.de\/wp-content\/uploads\/2017\/04\/IMAG0025-e1499609523994.jpg?resize=863%2C153\" alt=\"\" width=\"863\" height=\"153\" srcset=\"https:\/\/i0.wp.com\/www.wolpertingersfc.de\/wp-content\/uploads\/2017\/04\/IMAG0025-e1499609523994.jpg?w=1024 1024w, https:\/\/i0.wp.com\/www.wolpertingersfc.de\/wp-content\/uploads\/2017\/04\/IMAG0025-e1499609523994.jpg?resize=300%2C53 300w, https:\/\/i0.wp.com\/www.wolpertingersfc.de\/wp-content\/uploads\/2017\/04\/IMAG0025-e1499609523994.jpg?resize=768%2C136 768w, https:\/\/i0.wp.com\/www.wolpertingersfc.de\/wp-content\/uploads\/2017\/04\/IMAG0025-e1499609523994.jpg?resize=863%2C153 863w, https:\/\/i0.wp.com\/www.wolpertingersfc.de\/wp-content\/uploads\/2017\/04\/IMAG0025-e1499609523994.jpg?resize=480%2C85 480w\" sizes=\"auto, (max-width: 863px) 100vw, 863px\" \/><\/td>\n<\/tr>\n<\/tbody>\n<\/table>\n<p><a href=\"http:\/\/www.wolpertingersfc.de\/?page_id=1340\">Aktivit\u00e4ten<\/a>\u00a0\u00a0\u00a0 <a href=\"http:\/\/www.wolpertingersfc.de\/?page_id=1344\">Galerie<\/a><br \/>\n<strong><br \/>\n<img data-recalc-dims=\"1\" loading=\"lazy\" decoding=\"async\" data-attachment-id=\"439\" data-permalink=\"http:\/\/www.wolpertingersfc.de\/?attachment_id=439\" data-orig-file=\"https:\/\/i0.wp.com\/www.wolpertingersfc.de\/wp-content\/uploads\/2017\/05\/Radelnder_Wolpertinger-e1495796873784.gif?fit=100%2C164\" data-orig-size=\"100,164\" data-comments-opened=\"1\" data-image-meta=\"{&quot;aperture&quot;:&quot;0&quot;,&quot;credit&quot;:&quot;&quot;,&quot;camera&quot;:&quot;&quot;,&quot;caption&quot;:&quot;&quot;,&quot;created_timestamp&quot;:&quot;0&quot;,&quot;copyright&quot;:&quot;&quot;,&quot;focal_length&quot;:&quot;0&quot;,&quot;iso&quot;:&quot;0&quot;,&quot;shutter_speed&quot;:&quot;0&quot;,&quot;title&quot;:&quot;&quot;,&quot;orientation&quot;:&quot;0&quot;}\" data-image-title=\"Radelnder_Wolpertinger\" data-image-description=\"\" data-image-caption=\"\" data-medium-file=\"https:\/\/i0.wp.com\/www.wolpertingersfc.de\/wp-content\/uploads\/2017\/05\/Radelnder_Wolpertinger-e1495796873784.gif?fit=183%2C300\" data-large-file=\"https:\/\/i0.wp.com\/www.wolpertingersfc.de\/wp-content\/uploads\/2017\/05\/Radelnder_Wolpertinger-e1495796873784.gif?fit=100%2C164\" class=\"alignnone wp-image-439 size-full\" src=\"https:\/\/i0.wp.com\/www.wolpertingersfc.de\/wp-content\/uploads\/2017\/05\/Radelnder_Wolpertinger-e1495796873784.gif?resize=100%2C164\" alt=\"\" width=\"100\" height=\"164\" \/><\/strong><\/p>\n","protected":false},"excerpt":{"rendered":"<p>Aktivit\u00e4ten\u00a0\u00a0\u00a0 Galerie<\/p>\n","protected":false},"author":1,"featured_media":0,"parent":0,"menu_order":0,"comment_status":"closed","ping_status":"closed","template":"","meta":{"jetpack_post_was_ever_published":false,"_mc_calendar":[],"footnotes":""},"class_list":["post-1340","page","type-page","status-publish","hentry"],"jetpack_sharing_enabled":true,"jetpack_shortlink":"https:\/\/wp.me\/P8FTYK-lC","jetpack-related-posts":[{"id":1344,"url":"http:\/\/www.wolpertingersfc.de\/?page_id=1344","url_meta":{"origin":1340,"position":0},"title":"Radsport &#8211; Galerie","author":"Wolpertingersfc","date":"9. Juli 2017","format":false,"excerpt":"Aktivit\u00e4ten\u00a0\u00a0\u00a0 Galerie Radtour 2019 Ingolstadt-N\u00fcrnberg Radtour 2018 Unterallg\u00e4u-Augsburg","rel":"","context":"\u00c4hnlicher Beitrag","block_context":{"text":"\u00c4hnlicher Beitrag","link":""},"img":{"alt_text":"","src":"https:\/\/i0.wp.com\/www.wolpertingersfc.de\/wp-content\/uploads\/2017\/04\/IMAG0025-e1499609523994.jpg?resize=350%2C200","width":350,"height":200,"srcset":"https:\/\/i0.wp.com\/www.wolpertingersfc.de\/wp-content\/uploads\/2017\/04\/IMAG0025-e1499609523994.jpg?resize=350%2C200 1x, https:\/\/i0.wp.com\/www.wolpertingersfc.de\/wp-content\/uploads\/2017\/04\/IMAG0025-e1499609523994.jpg?resize=525%2C300 1.5x, https:\/\/i0.wp.com\/www.wolpertingersfc.de\/wp-content\/uploads\/2017\/04\/IMAG0025-e1499609523994.jpg?resize=700%2C400 2x, https:\/\/i0.wp.com\/www.wolpertingersfc.de\/wp-content\/uploads\/2017\/04\/IMAG0025-e1499609523994.jpg?resize=1050%2C600 3x"},"classes":[]},{"id":1346,"url":"http:\/\/www.wolpertingersfc.de\/?page_id=1346","url_meta":{"origin":1340,"position":1},"title":"Radsport &#8211; Links","author":"Wolpertingersfc","date":"9. Juli 2017","format":false,"excerpt":"Aktivit\u00e4ten\u00a0\u00a0\u00a0 Galerie","rel":"","context":"\u00c4hnlicher Beitrag","block_context":{"text":"\u00c4hnlicher Beitrag","link":""},"img":{"alt_text":"","src":"https:\/\/i0.wp.com\/www.wolpertingersfc.de\/wp-content\/uploads\/2017\/04\/IMAG0025-e1499609523994.jpg?resize=350%2C200","width":350,"height":200,"srcset":"https:\/\/i0.wp.com\/www.wolpertingersfc.de\/wp-content\/uploads\/2017\/04\/IMAG0025-e1499609523994.jpg?resize=350%2C200 1x, https:\/\/i0.wp.com\/www.wolpertingersfc.de\/wp-content\/uploads\/2017\/04\/IMAG0025-e1499609523994.jpg?resize=525%2C300 1.5x, https:\/\/i0.wp.com\/www.wolpertingersfc.de\/wp-content\/uploads\/2017\/04\/IMAG0025-e1499609523994.jpg?resize=700%2C400 2x, https:\/\/i0.wp.com\/www.wolpertingersfc.de\/wp-content\/uploads\/2017\/04\/IMAG0025-e1499609523994.jpg?resize=1050%2C600 3x"},"classes":[]},{"id":1342,"url":"http:\/\/www.wolpertingersfc.de\/?page_id=1342","url_meta":{"origin":1340,"position":2},"title":"Radsport &#8211; Team","author":"Wolpertingersfc","date":"9. Juli 2017","format":false,"excerpt":"Aktivit\u00e4ten\u00a0\u00a0\u00a0 Team\u00a0\u00a0\u00a0 Galerie\u00a0\u00a0\u00a0 Links","rel":"","context":"\u00c4hnlicher Beitrag","block_context":{"text":"\u00c4hnlicher Beitrag","link":""},"img":{"alt_text":"","src":"https:\/\/i0.wp.com\/www.wolpertingersfc.de\/wp-content\/uploads\/2017\/04\/IMAG0025-e1499609523994.jpg?resize=350%2C200","width":350,"height":200,"srcset":"https:\/\/i0.wp.com\/www.wolpertingersfc.de\/wp-content\/uploads\/2017\/04\/IMAG0025-e1499609523994.jpg?resize=350%2C200 1x, https:\/\/i0.wp.com\/www.wolpertingersfc.de\/wp-content\/uploads\/2017\/04\/IMAG0025-e1499609523994.jpg?resize=525%2C300 1.5x, https:\/\/i0.wp.com\/www.wolpertingersfc.de\/wp-content\/uploads\/2017\/04\/IMAG0025-e1499609523994.jpg?resize=700%2C400 2x, https:\/\/i0.wp.com\/www.wolpertingersfc.de\/wp-content\/uploads\/2017\/04\/IMAG0025-e1499609523994.jpg?resize=1050%2C600 3x"},"classes":[]},{"id":1325,"url":"http:\/\/www.wolpertingersfc.de\/?page_id=1325","url_meta":{"origin":1340,"position":3},"title":"Allgemeinsport &#8211; Galerie","author":"Wolpertingersfc","date":"9. Juli 2017","format":false,"excerpt":"\u00a0 Aktivit\u00e4ten\u00a0\u00a0\u00a0 Team\u00a0\u00a0\u00a0 Galerie\u00a0\u00a0\u00a0 Links","rel":"","context":"\u00c4hnlicher Beitrag","block_context":{"text":"\u00c4hnlicher Beitrag","link":""},"img":{"alt_text":"","src":"https:\/\/i0.wp.com\/www.wolpertingersfc.de\/wp-content\/uploads\/2017\/07\/DSC006000004.jpg?resize=350%2C200","width":350,"height":200,"srcset":"https:\/\/i0.wp.com\/www.wolpertingersfc.de\/wp-content\/uploads\/2017\/07\/DSC006000004.jpg?resize=350%2C200 1x, https:\/\/i0.wp.com\/www.wolpertingersfc.de\/wp-content\/uploads\/2017\/07\/DSC006000004.jpg?resize=525%2C300 1.5x, https:\/\/i0.wp.com\/www.wolpertingersfc.de\/wp-content\/uploads\/2017\/07\/DSC006000004.jpg?resize=700%2C400 2x"},"classes":[]},{"id":1108,"url":"http:\/\/www.wolpertingersfc.de\/?page_id=1108","url_meta":{"origin":1340,"position":4},"title":"Zirkus &#8211; Galerie","author":"Wolpertingersfc","date":"3. Juli 2017","format":false,"excerpt":"Aktivit\u00e4ten\u00a0\u00a0\u00a0 Team\u00a0\u00a0\u00a0 Galerie\u00a0\u00a0\u00a0 Links Zirkus-Training","rel":"","context":"\u00c4hnlicher Beitrag","block_context":{"text":"\u00c4hnlicher Beitrag","link":""},"img":{"alt_text":"","src":"https:\/\/i0.wp.com\/www.wolpertingersfc.de\/wp-content\/uploads\/2017\/04\/Zirkus15-e1499106642859-480x83.jpg?resize=350%2C200","width":350,"height":200,"srcset":"https:\/\/i0.wp.com\/www.wolpertingersfc.de\/wp-content\/uploads\/2017\/04\/Zirkus15-e1499106642859-480x83.jpg?resize=350%2C200 1x, https:\/\/i0.wp.com\/www.wolpertingersfc.de\/wp-content\/uploads\/2017\/04\/Zirkus15-e1499106642859-480x83.jpg?resize=525%2C300 1.5x, https:\/\/i0.wp.com\/www.wolpertingersfc.de\/wp-content\/uploads\/2017\/04\/Zirkus15-e1499106642859-480x83.jpg?resize=700%2C400 2x, https:\/\/i0.wp.com\/www.wolpertingersfc.de\/wp-content\/uploads\/2017\/04\/Zirkus15-e1499106642859-480x83.jpg?resize=1050%2C600 3x"},"classes":[]},{"id":255,"url":"http:\/\/www.wolpertingersfc.de\/?page_id=255","url_meta":{"origin":1340,"position":5},"title":"Tauchen &#8211; Galerie &#8211; Ferienprogramm 2016","author":"Wolpertingersfc","date":"25. April 2017","format":false,"excerpt":"Aktivit\u00e4ten\u00a0\u00a0\u00a0\u00a0 Team\u00a0\u00a0\u00a0\u00a0 Galerie\u00a0\u00a0\u00a0\u00a0 Links","rel":"","context":"\u00c4hnlicher Beitrag","block_context":{"text":"\u00c4hnlicher Beitrag","link":""},"img":{"alt_text":"","src":"https:\/\/i0.wp.com\/www.wolpertingersfc.de\/wp-content\/uploads\/2017\/04\/P1020123-1.jpg?resize=350%2C200","width":350,"height":200,"srcset":"https:\/\/i0.wp.com\/www.wolpertingersfc.de\/wp-content\/uploads\/2017\/04\/P1020123-1.jpg?resize=350%2C200 1x, https:\/\/i0.wp.com\/www.wolpertingersfc.de\/wp-content\/uploads\/2017\/04\/P1020123-1.jpg?resize=525%2C300 1.5x"},"classes":[]}],"_links":{"self":[{"href":"http:\/\/www.wolpertingersfc.de\/index.php?rest_route=\/wp\/v2\/pages\/1340","targetHints":{"allow":["GET"]}}],"collection":[{"href":"http:\/\/www.wolpertingersfc.de\/index.php?rest_route=\/wp\/v2\/pages"}],"about":[{"href":"http:\/\/www.wolpertingersfc.de\/index.php?rest_route=\/wp\/v2\/types\/page"}],"author":[{"embeddable":true,"href":"http:\/\/www.wolpertingersfc.de\/index.php?rest_route=\/wp\/v2\/users\/1"}],"replies":[{"embeddable":true,"href":"http:\/\/www.wolpertingersfc.de\/index.php?rest_route=%2Fwp%2Fv2%2Fcomments&post=1340"}],"version-history":[{"count":8,"href":"http:\/\/www.wolpertingersfc.de\/index.php?rest_route=\/wp\/v2\/pages\/1340\/revisions"}],"predecessor-version":[{"id":2818,"href":"http:\/\/www.wolpertingersfc.de\/index.php?rest_route=\/wp\/v2\/pages\/1340\/revisions\/2818"}],"wp:attachment":[{"href":"http:\/\/www.wolpertingersfc.de\/index.php?rest_route=%2Fwp%2Fv2%2Fmedia&parent=1340"}],"curies":[{"name":"wp","href":"https:\/\/api.w.org\/{rel}","templated":true}]}}

Radsport &#8211; Aktivitäten

<table width="100%">
<tbody>
<tr>
<td><img data-recalc-dims="1" loading="lazy" decoding="async" data-attachment-id="1338" data-permalink="http://www.wolpertingersfc.de/?attachment_id=1338" data-orig-file="https://i0.wp.com/www.wolpertingersfc.de/wp-content/uploads/2017/04/IMAG0025-e1499609523994.jpg?fit=1024%2C181" data-orig-size="1024,181" data-comments-opened="1" data-image-meta="{&quot;aperture&quot;:&quot;6.44&quot;,&quot;credit&quot;:&quot;&quot;,&quot;camera&quot;:&quot;DC2300&quot;,&quot;caption&quot;:&quot;&quot;,&quot;created_timestamp&quot;:&quot;1094378338&quot;,&quot;copyright&quot;:&quot;&quot;,&quot;focal_length&quot;:&quot;0&quot;,&quot;iso&quot;:&quot;100&quot;,&quot;shutter_speed&quot;:&quot;0.0010526315789474&quot;,&quot;title&quot;:&quot;&quot;,&quot;orientation&quot;:&quot;0&quot;}" data-image-title="IMAG0025" data-image-description="" data-image-caption="" data-medium-file="https://i0.wp.com/www.wolpertingersfc.de/wp-content/uploads/2017/04/IMAG0025-e1499609523994.jpg?fit=300%2C53" data-large-file="https://i0.wp.com/www.wolpertingersfc.de/wp-content/uploads/2017/04/IMAG0025-e1499609523994.jpg?fit=863%2C153" class="alignnone wp-image-1338" src="https://i0.wp.com/www.wolpertingersfc.de/wp-content/uploads/2017/04/IMAG0025-e1499609523994.jpg?resize=863%2C153" alt="" width="863" height="153" srcset="https://i0.wp.com/www.wolpertingersfc.de/wp-content/uploads/2017/04/IMAG0025-e1499609523994.jpg?w=1024 1024w, https://i0.wp.com/www.wolpertingersfc.de/wp-content/uploads/2017/04/IMAG0025-e1499609523994.jpg?resize=300%2C53 300w, https://i0.wp.com/www.wolpertingersfc.de/wp-content/uploads/2017/04/IMAG0025-e1499609523994.jpg?resize=768%2C136 768w, https://i0.wp.com/www.wolpertingersfc.de/wp-content/uploads/2017/04/IMAG0025-e1499609523994.jpg?resize=863%2C153 863w, https://i0.wp.com/www.wolpertingersfc.de/wp-content/uploads/2017/04/IMAG0025-e1499609523994.jpg?resize=480%2C85 480w" sizes="auto, (max-width: 863px) 100vw, 863px" /></td>
</tr>
</tbody>
</table>
<p><a href="http://www.wolpertingersfc.de/?page_id=1340">Aktivitäten</a>    <a href="http://www.wolpertingersfc.de/?page_id=1344">Galerie</a><br />
<strong><br />
<img data-recalc-dims="1" loading="lazy" decoding="async" data-attachment-id="439" data-permalink="http://www.wolpertingersfc.de/?attachment_id=439" data-orig-file="https://i0.wp.com/www.wolpertingersfc.de/wp-content/uploads/2017/05/Radelnder_Wolpertinger-e1495796873784.gif?fit=100%2C164" data-orig-size="100,164" data-comments-opened="1" data-image-meta="{&quot;aperture&quot;:&quot;0&quot;,&quot;credit&quot;:&quot;&quot;,&quot;camera&quot;:&quot;&quot;,&quot;caption&quot;:&quot;&quot;,&quot;created_timestamp&quot;:&quot;0&quot;,&quot;copyright&quot;:&quot;&quot;,&quot;focal_length&quot;:&quot;0&quot;,&quot;iso&quot;:&quot;0&quot;,&quot;shutter_speed&quot;:&quot;0&quot;,&quot;title&quot;:&quot;&quot;,&quot;orientation&quot;:&quot;0&quot;}" data-image-title="Radelnder_Wolpertinger" data-image-description="" data-image-caption="" data-medium-file="https://i0.wp.com/www.wolpertingersfc.de/wp-content/uploads/2017/05/Radelnder_Wolpertinger-e1495796873784.gif?fit=183%2C300" data-large-file="https://i0.wp.com/www.wolpertingersfc.de/wp-content/uploads/2017/05/Radelnder_Wolpertinger-e1495796873784.gif?fit=100%2C164" class="alignnone wp-image-439 size-full" src="https://i0.wp.com/www.wolpertingersfc.de/wp-content/uploads/2017/05/Radelnder_Wolpertinger-e1495796873784.gif?resize=100%2C164" alt="" width="100" height="164" /></strong></p>

<p>Aktivitäten    Galerie</p>

Aktivitäten    Galerie Radtour 2019 Ingolstadt-Nürnberg Radtour 2018 Unterallgäu-Augsburg

Ähnlicher Beitrag

Aktivitäten    Galerie

Aktivitäten    Team    Galerie    Links

Aktivitäten    Team    Galerie    Links Zirkus-Training

Aktivitäten     Team     Galerie     Links
